ative of -5*a**4/24 - 23*a**3/6 + 12*a**2. Let s = -5 + 12. Calculate the remainder when v(-7) is divided by s.
5
Suppose -27*d + 2150 = 17. Calculate the remainder when d is divided by (-2 + 0)/(3/(-24)).
15
Let y = -451 + 459. Calculate the remainder when 45 is divided by y.
5
Let l be (12 - 0)/((-9)/(-30)). Let w(u) = 4*u - 38. Let b be w(10). Let h = l - b. Calculate the remainder when 149 is divided by h.
35
Let r(u) = -2*u + 8. Let a be r(-4). Let n(x) = -x**2 + 12 + 7 - 2*x - a*x. Calculate the remainder when n(-16) is divided by 26.
25
Suppose -54*f = -45*f - 135. Suppose -2*y + 38 = -104. Calculate the remainder when y is divided by f.
11
Let s(l) = -l**2 - 14*l - 21. Calculate the remainder when s(-7) is divided by 8.
4
Let l = 2256 + -1986. What is the remainder when l is divided by 61?
26
Let b = 354 + -328. Let x(q) = -8*q - 7. What is the remainder when x(-7) is divided by b?
23
Let o be -38*5*3*2/12. Let h = o - -99. Calculate the remainder when 34 is divided by h.
2
Suppose 117 = 11*w - 5350. Calculate the remainder when w is divided by 50.
47
Let g = -482 - -583. What is the remainder when g is divided by 1?
0
Let f(m) = -106*m**3 + 1. Calculate the remainder when f(-1) is divided by 22.
19
Suppose 107 = 17*s + 22. Let p = 27 - -5. What is the remainder when p is divided by s?
2
Let c(a) = a**3 - 4*a**2 - a. Let r be c(4). Suppose 0 = -3*o - 3*b - 4 + 55, -3*b + 3 = 0. Calculate the remainder when (-18)/((-2)/(-20)*r) is divided by o.
13
Suppose -4*o = 5*w - 45, 46*o + 3*w + 24 = 47*o. Calculate the remainder when 98 is divided by o.
8
Suppose d - 182 = -12*d. Suppose -2*c = -d*c + 276. Calculate the remainder when 105 is divided by c.
13
Suppose 5*d + 2*k - 91 = 126, -4*d + 196 = -4*k. What is the remainder when 536 is divided by d?
41
Let z = -66 - -41. Let o = z - -43. What is the remainder when 32 is divided by o?
14
Suppose -4*j + 11 = -477. What is the remainder when j is divided by 345/25 - 1/(-5)?
10
What is the remainder when 1131/18 + 1/6 is divided by 33?
30
Suppose -5*z = -w - 13, 4*w - w + 9 = 0. Suppose z*g + 165 = 7*g. What is the remainder when 96 is divided by g?
30
Let g = 1118 + -1077. What is the remainder when 447 is divided by g?
37
Suppose -14*u + 8 = -12*u. Suppose -4*l + 5*d + 13 + 8 = 0, -2*l + u*d = -12. Let g(o) = -o**3 - 3*o - 1. What is the remainder when g(-2) is divided by l?
1
Suppose 2*h + 6 - 48 = 0. What is the remainder when 95 is divided by h?
11
Let t(l) = l + 44. Let b be ((-320)/(-60))/((-2)/3). Calculate the remainder when t(b) is divided by ((-13)/(0 - 1))/1.
10
Suppose 0*i - 4*i = 0. Suppose 4*a + 3*w - 34 = -i*w, 5*a = w + 33. Let d = 78 + -66. Calculate the remainder when d is divided by a.
5
Let u = -9 + 27. Suppose 2*h + u = -30. Let j = h - -27. Calculate the remainder when 7 is divided by j.
1
Suppose -q - 23 = g + q, -5*g - 93 = -q. Let k = -8 - g. What is the remainder when 42 is divided by k?
9
Let m be ((-231)/6)/1*-6. Suppose 0*h + 3*h - m = 0. Calculate the remainder when h is divided by 26.
25
Let w(t) = 8*t + 8. Suppose -5*v + 26 = -5*b - 4, -2*b = 2. Calculate the remainder when w(v) is divided by 13.
9
Let m(b) = 32*b - 32. Calculate the remainder when m(3) is divided by 35.
29
Let w(i) = 30*i + 132. What is the remainder when 23 is divided by w(-4)?
11
Let d = 75 + -142. Let p = d + 79. What is the remainder when 47 is divided by p?
11
Suppose -y + 5*y = -2*x - 92, -5*y + 20 = 0. What is the remainder when ((-10)/4)/(16/(-192)) is divided by x/(-7) - 6/(-21)?
6
Suppose 15*m = 273 + 582. What is the remainder when m is divided by (4/(-6))/(1/(-45))?
27
Calculate the remainder when 54 is divided by ((-320)/(-30) - -2)/(2/3).
16
Suppose 5*c = 5*b + 395, -2*c + 3*b = 5*b - 150. What is the remainder when c is divided by 31?
15
Suppose 0 + 8 = -2*v. Let h be -1*(-2 + 22)/v. Suppose f - 2*z + 0*z - 29 = 0, h*f + 5*z = 160. What is the remainder when 91 is divided by f?
29
Let l = 13 + -7. Let p be 5 + 3/((-9)/l). What is the remainder when 65 is divided by (-1 - -1) + (25 - p)?
21
Let j be (4/(-10))/((-1)/(-5)). Suppose -91 = -4*w - 3*v, 3*v + 40 + 23 = 3*w. Calculate the remainder when w is divided by 76/10 - j/5.
6
Suppose 3*c - 4*i = -44, 4*c + c - 2*i + 92 = 0. Let n = c - -27. Calculate the remainder when 33 is divided by n.
5
Let c(y) = 19*y. Let b(f) = -6*f**2 - 81*f - 32. Calculate the remainder when c(1) is divided by b(-13).
5
Let o(i) = -i**3 + 9*i**2 + 13*i + 49. What is the remainder when o(10) is divided by 2/4 - (-39)/2?
19
Suppose -3*t + 170 = 4*c - 211, 539 = 4*t - 5*c. Calculate the remainder when t is divided by 33.
32
Let b(t) = 9*t**2 - t**3 + 14*t + 4*t**2 - 2 - t**2 - 3*t**2. Calculate the remainder when b(10) is divided by 13.
12
Let u be 0 - 25/(-2)*2. What is the remainder when 12 is divided by u/(-20) + 25/4?
2
Suppose 3*s = 6, 721 = 3*h + s + 4*s. Calculate the remainder when h is divided by 24.
21
Suppose -4*a + 0*a + 84 = 0. What is the remainder when (-4)/(-6) + (-488)/(-6) is divided by a?
19
Let x = -274 - -340. Calculate the remainder when x is divided by 23.
20
Suppose 8*c - 33 - 15 = 0. Suppose 174 = 9*t - c*t. Let b = 39 + -19. Calculate the remainder when t is divided by b.
18
Let h(u) = 6*u**2 - 20*u - 99. Calculate the remainder when h(-8) is divided by 56.
53
Suppose 19*i = 14*i, -5*i = 3*b - 81. What is the remainder when 1052 is divided by b?
26
Calculate the remainder when (-5196)/((-18)/6) + 5 is divided by 87.
84
What is the remainder when (3 - 2 - -2)*(22 - -32) is divided by 24?
18
Let i(a) = -51*a - 85. What is the remainder when 474 is divided by i(-2)?
15
Let x = 14 + -12. Suppose -n - f + x = 0, 4*n - 3*f = 5*n + 4. Suppose -4*m + 71 = n*u - 61, u + 3*m = 22. What is the remainder when u is divided by 15?
13
Let w be (-36)/(1 + (-10)/4). Let z = w + 29. What is the remainder when z is divided by 2/6 + (-123)/(-9)?
11
Suppose 4*n - 2*n - 68 = 4*k, -5*k - 4*n = 59. Calculate the remainder when 27 is divided by k/(-9)*-3*-2.
7
Calculate the remainder when (-6)/(-4) + (-314)/(-4) is divided by 27.
26
Let z(x) = x**3 - 2*x**2 + 11*x - 56. What is the remainder when z(5) is divided by 29?
16
Let a(l) = 10*l + 253. Calculate the remainder when a(-9) is divided by 34.
27
Suppose 445 = 4*s + l, -4*s - 6*l + 8*l + 454 = 0. What is the remainder when s is divided by 17?
10
What is the remainder when 24*1*(-7)/(-14) is divided by 7?
5
Suppose -5*n + 82 = d, -6*n + n = 4*d - 88. Let b = -16 + n. Suppose b = -9*l + 4*l + 185. What is the remainder when l is divided by 13?
11
Let w(f) = -f**3 + 7*f**2 + 8*f + 6. Calculate the remainder when 59 is divided by w(8).
5
Let u(j) = j - 3. Let r(c) = 5*c + 47. Let f(x) = 2*x + 23. Let g(z) = -13*f(z) + 6*r(z). Calculate the remainder when g(5) is divided by u(4).
0
Suppose 5*o + 3*w = 2*o - 12, -20 = 5*w. Suppose o = 4*u - 91 + 59. What is the remainder when 39 is divided by u?
7
Calculate the remainder when (-496)/(24/(-3)) + -2 is divided by 36.
24
What is the remainder when 319 is divided by (4 - 234/57) + 3660/114?
31
Let t be 5/(-25) - (-46562)/10. Let c be (-1)/(-4) - t/(-64). Let w = c + -30. Calculate the remainder when w is divided by 15.
13
Suppose 0 = 3*j - 21*j - 52 + 196. What is the remainder when (-1 - -2)*1 - -11 is divided by j?
4
What is the remainder when 48 is divided by 3 + (-42)/(-12) + (-3)/6?
0
Suppose 258 = 2*m + 4*m. Calculate the remainder when 341 is divided by m.
40
Calculate the remainder when 1/(3 + 808/(-270)) is divided by (-1)/(-4)*142 - 9/6.
33
Suppose 0 = -0*g - 8*g + 1296. What is the remainder when g is divided by 49?
15
Suppose 5*f + 146 = 9*f + 3*d, -f - 5*d = -45. Calculate the remainder when 557 is divided by f.
32
Suppose 5*f - 3*f - 6 = 0. Calculate the remainder when -4 + 6 + (-8)/(-2) is divided by f.
0
Suppose 34*y = 23*y + 2904. Calculate the remainder when y is divided by 66.
0
Suppose 0*a - 2*a + 34 = 0. Let y be 12/10*3900/5. Calculate the remainder when (-6)/(-30) + (y/(-20))/(-1) is divided by a.
13
Let q(v) = 5*v - 22. Let t be q(12). Suppose -21*u + t = -20*u. Calculate the remainder when 151 is divided by u.
37
Calculate the remainder when 515 is divided by (1/6)/(122/54168).
71
Let h = -4 - -29. Calculate the remainder when h is div